022
In base 14, what is 31b - 0?
31b
In base 10, what is -4 + 39?
35
In base 4, what is 1111 - 22?
1023
In base 6, what is 2 + -131?
-125
In base 13, what is 325c + -1?
325b
In base 8, what is -56 - 73?
-151
In base 7, what is 2 + 53?
55
In base 3, what is 0 + -12?
-12
In base 16, what is -4 - -33?
2f
In base 13, what is 1b2 + 4?
1b6
In base 12, what is 8 + -17?
-b
In base 2, what is 1010010101 + 11?
1010011000
In base 11, what is -104 - 5?
-109
In base 13, what is -381 + 8?
-376
In base 11, what is -11 - -a7?
96
In base 3, what is -1010002210 - 2?
-1010002212
In base 3, what is -10 - -10122?
10112
In base 5, what is 10111 - -31?
10142
In base 7, what is 3 - 136?
-133
In base 9, what is 233 + 5?
238
In base 12, what is -17 + -3?
-1a
In base 5, what is 0 + -4211?
-4211
In base 15, what is 6 - d4?
-cd
In base 15, what is -16b + -2?
-16d
In base 12, what is 4 + 749?
751
In base 11, what is 10 + 84?
94
In base 16, what is 6a + -5?
65
In base 7, what is 11 - -44?
55
In base 9, what is 1 + -174?
-173
In base 14, what is -b5 - -3?
-b2
In base 7, what is 1 + 350?
351
In base 14, what is -637 + b?
-62a
In base 6, what is -3354 + 0?
-3354
In base 2, what is 1011 - -10111?
100010
In base 10, what is -1 + 42?
41
In base 8, what is 126125 - 3?
126122
In base 14, what is -13 - 6b?
-80
In base 6, what is 1541 + 0?
1541
In base 10, what is 1024 - 14?
1010
In base 3, what is 1 + 20121221?
20121222
In base 5, what is 1 + -111?
-110
In base 16, what is 111b + 5?
1120
In base 16, what is 5 + -80?
-7b
In base 7, what is 12 - 14?
-2
In base 9, what is 27253 + -4?
27248
In base 2, what is -11101 + 100?
-11001
In base 13, what is 0 - -57?
57
In base 6, what is 1 - 132?
-131
In base 14, what is -3 - -ad?
aa
In base 16, what is b - 14?
-9
In base 9, what is 221 - 1?
220
In base 7, what is 10 + 4?
14
In base 5, what is 21 + 20?
41
In base 13, what is 8 - 1b?
-13
In base 16, what is 18c - 0?
18c
In base 11, what is 41 + 59?
9a
In base 6, what is -30 + 2420?
2350
In base 16, what is 3 + -36?
-33
In base 5, what is 43 - 24?
14
In base 5, what is 12 - 2004?
-1442
In base 10, what is -3909 + -5?
-3914
In base 2, what is -10000111 - 1100?
-10010011
In base 9, what is 320 + 60?
380
In base 4, what is 21 - -3331?
10012
In base 16, what is -3 - -771?
76e
In base 13, what is -78 + 1b?
-5a
In base 5, what is 201303 - 2?
201301
In base 2, what is 11101111010 + 101?
11101111111
In base 3, what is -112 - 1200220?
-1201102
In base 4, what is -23 + -11110?
-11133
In base 10, what is -1 - -358?
357
In base 14, what is 0 + -73b?
-73b
In base 3, what is -1012110 - -110?
-1012000
In base 6, what is 124 - 533?
-405
In base 11, what is -23 - 18?
-40
In base 15, what is -11 + 1a?
9
In base 6, what is 2 - 345?
-343
In base 3, what is 10 + -2220?
-2210
In base 4, what is -122 - -10331?
10203
In base 2, what is -1011100 - 0?
-1011100
In base 10, what is 3 + 931?
934
In base 10, what is -24 - -3?
-21
In base 2, what is 10011 - 1001?
1010
In base 14, what is 5 + 897?
89c
In base 5, what is -1033 + -101?
-1134
In base 12, what is -67a - 1?
-67b
In base 5, what is -403 + 123?
-230
In base 10, what is 0 - 1335?
-1335
In base 15, what is 23 + 18?
3b
In base 5, what is 1444 + 2?
2001
In base 13, what is -4 - 9?
-10
In base 4, what is 3033 - 21?
3012
In base 12, what is -5 + -174?
-179
In base 3, what is 210012 + 12?
210101
In base 11, what is 26 + 24?
4a
In base 12, what is 5 + -7a3?
-79a
In base 10, what is -3 + -446?
-449
In base 8, what is -20 - -10?
-10
In base 16, what is 14ce - 0?
14ce
In base 11, what is -38 + -91?
-119
In base 6, what is -2140 - 14?
-2154
In base 7, what is 122 + 4?
126
In base 3, what is 1000 + 111?
1111
In base 15, what is 8 + 3a?
43
In base 10, what is 114 - 6?
108
In base 13, what is -3 + -6?
-9
In base 7, what is 623 + 6?
632
In base 15, what is 138e + 0?
138e
In base 9, what is -1 + 31?
30
In base 11, what is 17 - -255?
271
In base 12, what is 414 - 2?
412
In base 12, what is -5 - 3b?
-44
In base 10, what is 11 + 21?
32
In base 5, what is 322 - 3?
314
In base 7, what is -1053 - 0?
-1053
In base 12, what is -155 - -2?
-153
In base 16, what is -1 + -48c?
-48d
In base 16, what is -6 + f?
9
In base 16, what is 71c + 6?
722
In base 14, what is -15 - 219?
-230
In base 3, what is 21020 - -12?
21102
In base 5, what is 1400 - 2?
1343
In base 2, what is -1010111111 + -11101?
-1011011100
In base 6, what is 40 - 14?
22
In base 5, what is 101 - 22?
24
In base 8, what is 7240 - -1?
7241
In base 8, what is -15 + -75?
-112
In base 3, what is -10 - -21200?
21120
In base 13, what is -385 + -4?
-389
In base 16, what is -4e0e + -4?
-4e12
In base 13, what is 25 + -77?
-52
In base 14, what is ca8 + -4?
ca4
In base 10, what is -74 + 39?
-35
In base 10, what is 18 + -293?
-275
In base 16, what is -b97 - -1?
-b96
In base 5, what is -3012 + -10?
-3022
In base 10, what is 36 - -5?
41
In base 2, what is 1001 - 101001001101?
-101001000100
In base 14, what is 94 + 2?
96
In base 15, what is 3 - a0?
-9c
In base 5, what is 23 + 313?
341
In base 13, what is 7 + -3?
4
In base 14, what is 0 - 3c?
-3c
In base 11, what is -5 + -17a?
-184
In base 15, what is -116 - 1?
-117
In base 15, what is -5 - a66?
-a6b
In base 7, what is 42 + -3?
36
In base 2, what is 1000 - -111?
1111
In base 12, what is -328 + -4?
-330
In base 3, what is -11 - 10022?
-10110
In base 3, what is -22100 + 10?
-22020
In base 7, what is 22 + 10?
32
In base 4, what is -232 + 0?
-232
In base 15, what is 53 - -3?
56
In base 10, what is 2 + -1?
1
In base 14, what is 317 + 2?
319
In base 5, what is 10321 + -3?
10313
In base 6, what is 10 - -35?
45
In base 13, what is 62 - -4?
66
In base 3, what is 2220 - 1120?
1100
In base 16, what is 14 + 4?
18
In base 4, what is 10110 - -3?
10113
In base 16, what is 1 + 49?
4a
In base 9, what is 6 + -11?
-4
In base 2, what is -11100010001 - 0?
-11100010001
In base 4, what is 1022333 - 2?
1022331
In base 10, what is -3 - 269?
-272
In base 8, what is 1041 - 1?
1040
In base 8, what is 3 + -422?
-417
In base 5, what is -132 - 11?
-143
In base 9, what is -4 - -1223?
1218
In base 5, what is -143 - -1234?
1041
In base 3, what is 1201 - -10110?
12011
In base 3, what is -102210 - -11?
-102122
In base 10, what is -3 - 6?
-9
In base 10, what is -2025 - -16?
-2009
In base 15, what is 7 - 97?
-90
In base 3, what is 0 - -122?
122
In base 11, what is -19 - -4?
-15
In base 4, what is -33 + 22333?
22300
In base 16, what is 139 + 1?
13a
In base 7, what is 21 + -10?
11
In base 2, what is -101 + -101?
-1010
In base 11, what is -59 - -4?
-55
In base 16, what is 3 + -8?
-5
In base 4, what is 202 + -31?
111
In base 14, what is -3 + -20?
-23
In base 9, what is 34 - 75?
-41
In base 11, what is 2a + -43?
-14
In base 4, what is -111 + -323?
-1100
In base 3, what is -2 - -1100?
1021
In base 10, what is 0 + 35?
35
In base 11, what is -5 - 1451?
-1456
In base 7, what is -4 + -430?
-434
In base 14, what is 5 + -1a?
-15
In base 10, what is 1207 + -5?
1202
In base 10, what is 1501 - 0?
1501
In base 12, what is b + 163?
172
In base 7, what is -402 - 206?
-611
In base 3, what is -11 - 20010101?
-20010112
In base 12, what is -35 - 8?
-41
In base 15, what is -17be + -1?
-17c0
In base 3, what is -1020 + -101200?
-102220
In base 10, what is -5 + -706?
-711
In base 4, what is 102 + 1100?
1202
In base 6, what is -52302 - 3?
-52305
In base 9, what is -4 - -15?
11
In base 2, what is -100011111100111 - 0?
-100011111100111
In base 11, what is -39 - 69?
-a7
In base 12, what is -16 + 4?
-12
In base 11, what is -2 + -878?
-87a
In base 16, what is 11c3 - -4?
11c7
In base 7, what is 4 - -6360?
6364
In base 5, what is -4 - 10330?
-10334
In base 8, what is 4 + -2711?
-2705
In base 6, what is -3 + -3244?
-3251
In base 14, what is 84 - 7?
7b
In base 16, what is -23 + a8?
85
In base 11, what is -15a5 + 3?
-15a2
In base 12, what is -38 - 271?
-2a9
In base 13, what is bb - 5?
b6
In base 2, what is -1100101 - 100?
-1101001
In base 11, what is 36 + 2?
38
In base 14, what is -2 - 328?
-32a
In base 4, what is 13 - -133333?
200012
In base 16, what is -e + 35?
27
In base 5, what is 413 + -12?
401
In base 2, what is -100110 - 101?
-101011
In base 7, what is 1 - -554?
555
In base 16, what is -9 + -2?
-b
In base 10, what is -1 + -328?
-329
In base 9, what is -22 + 244?
22